[INFO] cloning repository https://github.com/PureW/Photo-analyzer
[INFO] running `Command { std: "git" "-c" "credential.helper=" "-c" "credential.helper=/workspace/cargo-home/bin/git-credential-null" "clone" "--bare" "https://github.com/PureW/Photo-analyzer" "/workspace/cache/git-repos/https%3A%2F%2Fgithub.com%2FPureW%2FPhoto-analyzer", kill_on_drop: false }`
[INFO] [stderr] Cloning into bare repository '/workspace/cache/git-repos/https%3A%2F%2Fgithub.com%2FPureW%2FPhoto-analyzer'...
[INFO] running `Command { std: "git" "rev-parse" "HEAD", kill_on_drop: false }`
[INFO] [stdout] f401e8a7f9365e1130c56c1b92ff2358a73f9588
[INFO] building PureW/Photo-analyzer against master#881c1ac408d93bb7adaa3a51dabab9266e82eee8 for issue-85264
[INFO] running `Command { std: "git" "clone" "/workspace/cache/git-repos/https%3A%2F%2Fgithub.com%2FPureW%2FPhoto-analyzer" "/workspace/builds/worker-3/source", kill_on_drop: false }`
[INFO] [stderr] Cloning into '/workspace/builds/worker-3/source'...
[INFO] [stderr] done.
[INFO] validating manifest of git repo https://github.com/PureW/Photo-analyzer on toolchain 881c1ac408d93bb7adaa3a51dabab9266e82eee8
[INFO] running `Command { std: "/workspace/cargo-home/bin/cargo" "+881c1ac408d93bb7adaa3a51dabab9266e82eee8" "metadata" "--manifest-path" "Cargo.toml" "--no-deps", kill_on_drop: false }`
[INFO] started tweaking git repo https://github.com/PureW/Photo-analyzer
[INFO] finished tweaking git repo https://github.com/PureW/Photo-analyzer
[INFO] tweaked toml for git repo https://github.com/PureW/Photo-analyzer written to /workspace/builds/worker-3/source/Cargo.toml
[INFO] crate git repo https://github.com/PureW/Photo-analyzer already has a lockfile, it will not be regenerated
[INFO] running `Command { std: "/workspace/cargo-home/bin/cargo" "+881c1ac408d93bb7adaa3a51dabab9266e82eee8" "fetch" "--manifest-path" "Cargo.toml", kill_on_drop: false }`
[INFO] [stderr]     Updating git repository `https://github.com/LaurentMazare/tch-rs.git`
[INFO] [stderr]  Downloading crates ...
[INFO] [stderr]   Downloaded curl v0.4.30
[INFO] [stderr]   Downloaded curl-sys v0.4.32+curl-7.70.0
[INFO] running `Command { std: "docker" "create" "-v" "/var/lib/crater-agent-workspace/builds/worker-3/target:/opt/rustwide/target:rw,Z" "-v" "/var/lib/crater-agent-workspace/builds/worker-3/source:/opt/rustwide/workdir:ro,Z" "-v" "/var/lib/crater-agent-workspace/cargo-home:/opt/rustwide/cargo-home:ro,Z" "-v" "/var/lib/crater-agent-workspace/rustup-home:/opt/rustwide/rustup-home:ro,Z" "-e" "SOURCE_DIR=/opt/rustwide/workdir" "-e" "CARGO_TARGET_DIR=/opt/rustwide/target" "-e" "CARGO_HOME=/opt/rustwide/cargo-home" "-e" "RUSTUP_HOME=/opt/rustwide/rustup-home" "-w" "/opt/rustwide/workdir" "-m" "1610612736" "--user" "0:0" "--network" "none" "ghcr.io/rust-lang/crates-build-env/linux@sha256:20528e8c29e4536546f0102ce88568b16ea7538393a33fcca951030f7af10457" "/opt/rustwide/cargo-home/bin/cargo" "+881c1ac408d93bb7adaa3a51dabab9266e82eee8" "metadata" "--no-deps" "--format-version=1", kill_on_drop: false }`
[INFO] [stdout] 9359dc98638fd4f6cd334245cee025407e7984471e18d3e0c66021199bc4e602
[INFO] [stderr] WARNING: Your kernel does not support swap limit capabilities or the cgroup is not mounted. Memory limited without swap.
[INFO] running `Command { std: "docker" "start" "-a" "9359dc98638fd4f6cd334245cee025407e7984471e18d3e0c66021199bc4e602", kill_on_drop: false }`
[INFO] running `Command { std: "docker" "inspect" "9359dc98638fd4f6cd334245cee025407e7984471e18d3e0c66021199bc4e602", kill_on_drop: false }`
[INFO] running `Command { std: "docker" "rm" "-f" "9359dc98638fd4f6cd334245cee025407e7984471e18d3e0c66021199bc4e602", kill_on_drop: false }`
[INFO] [stdout] 9359dc98638fd4f6cd334245cee025407e7984471e18d3e0c66021199bc4e602
[INFO] running `Command { std: "docker" "create" "-v" "/var/lib/crater-agent-workspace/builds/worker-3/target:/opt/rustwide/target:rw,Z" "-v" "/var/lib/crater-agent-workspace/builds/worker-3/source:/opt/rustwide/workdir:ro,Z" "-v" "/var/lib/crater-agent-workspace/cargo-home:/opt/rustwide/cargo-home:ro,Z" "-v" "/var/lib/crater-agent-workspace/rustup-home:/opt/rustwide/rustup-home:ro,Z" "-e" "SOURCE_DIR=/opt/rustwide/workdir" "-e" "CARGO_TARGET_DIR=/opt/rustwide/target" "-e" "CARGO_INCREMENTAL=0" "-e" "RUST_BACKTRACE=full" "-e" "RUSTFLAGS=--cap-lints=forbid" "-e" "CARGO_HOME=/opt/rustwide/cargo-home" "-e" "RUSTUP_HOME=/opt/rustwide/rustup-home" "-w" "/opt/rustwide/workdir" "-m" "1610612736" "--user" "0:0" "--network" "none" "ghcr.io/rust-lang/crates-build-env/linux@sha256:20528e8c29e4536546f0102ce88568b16ea7538393a33fcca951030f7af10457" "/opt/rustwide/cargo-home/bin/cargo" "+881c1ac408d93bb7adaa3a51dabab9266e82eee8" "build" "--frozen" "--message-format=json", kill_on_drop: false }`
[INFO] [stdout] 641fddc03b729588d5bb2794b6c81a5ca99214cbace13fa0239ae001e7df6585
[INFO] [stderr] WARNING: Your kernel does not support swap limit capabilities or the cgroup is not mounted. Memory limited without swap.
[INFO] running `Command { std: "docker" "start" "-a" "641fddc03b729588d5bb2794b6c81a5ca99214cbace13fa0239ae001e7df6585", kill_on_drop: false }`
[INFO] [stderr]     Blocking waiting for file lock on package cache
[INFO] [stderr]    Compiling libc v0.2.72
[INFO] [stderr]    Compiling syn v1.0.33
[INFO] [stderr]    Compiling adler v0.2.3
[INFO] [stderr]    Compiling version_check v0.9.2
[INFO] [stderr]    Compiling rustc-demangle v0.1.16
[INFO] [stderr]    Compiling curl v0.4.30
[INFO] [stderr]    Compiling podio v0.1.7
[INFO] [stderr]    Compiling rawpointer v0.2.1
[INFO] [stderr]    Compiling ndarray v0.13.1
[INFO] [stderr]    Compiling half v1.6.0
[INFO] [stderr]    Compiling openssl-sys v0.9.58
[INFO] [stderr]    Compiling libz-sys v1.0.25
[INFO] [stderr]    Compiling curl-sys v0.4.32+curl-7.70.0
[INFO] [stderr]    Compiling bzip2-sys v0.1.9+1.0.8
[INFO] [stderr]    Compiling num-traits v0.2.12
[INFO] [stderr]    Compiling cmake v0.1.44
[INFO] [stderr]    Compiling num-complex v0.2.4
[INFO] [stderr]    Compiling num-integer v0.1.43
[INFO] [stderr]    Compiling proc-macro2 v1.0.18
[INFO] [stderr]    Compiling crc32fast v1.2.0
[INFO] [stderr]    Compiling matrixmultiply v0.2.3
[INFO] [stderr]    Compiling miniz_oxide v0.4.0
[INFO] [stderr]    Compiling quote v1.0.7
[INFO] [stderr]    Compiling proc-macro-error-attr v1.0.3
[INFO] [stderr]    Compiling proc-macro-error v1.0.3
[INFO] [stderr]    Compiling flate2 v1.0.16
[INFO] [stderr]    Compiling backtrace v0.3.50
[INFO] [stderr]    Compiling time v0.1.43
[INFO] [stderr]    Compiling socket2 v0.3.12
[INFO] [stderr]    Compiling getrandom v0.1.14
[INFO] [stderr]    Compiling atty v0.2.14
[INFO] [stderr]    Compiling bzip2 v0.3.3
[INFO] [stderr]    Compiling clap v2.33.1
[INFO] [stderr]    Compiling rand_core v0.5.1
[INFO] [stderr]    Compiling rand_chacha v0.2.2
[INFO] [stderr]    Compiling zip v0.5.6
[INFO] [stderr]    Compiling rand v0.7.3
[INFO] [stderr]    Compiling synstructure v0.12.4
[INFO] [stderr]    Compiling syn-mid v0.5.0
[INFO] [stderr]    Compiling failure_derive v0.1.8
[INFO] [stderr]    Compiling thiserror-impl v1.0.20
[INFO] [stderr]    Compiling failure v0.1.8
[INFO] [stderr]    Compiling structopt-derive v0.4.8
[INFO] [stderr]    Compiling thiserror v1.0.20
[INFO] [stderr]    Compiling torch-sys v0.1.7 (https://github.com/LaurentMazare/tch-rs.git?rev=be6f8a5a831fdd7f43b1c7df9a933d2da5cdf9c2#be6f8a5a)
[INFO] [stderr] error: failed to run custom build command for `torch-sys v0.1.7 (https://github.com/LaurentMazare/tch-rs.git?rev=be6f8a5a831fdd7f43b1c7df9a933d2da5cdf9c2#be6f8a5a)`
[INFO] [stderr] 
[INFO] [stderr] Caused by:
[INFO] [stderr]   process didn't exit successfully: `/opt/rustwide/target/debug/build/torch-sys-53730460b7af8a75/build-script-build` (exit status: 101)
[INFO] [stderr]   --- stdout
[INFO] [stderr]   cargo:rerun-if-env-changed=TORCH_CUDA_VERSION
[INFO] [stderr]   cargo:rerun-if-env-changed=LIBTORCH
[INFO] [stderr] 
[INFO] [stderr]   --- stderr
[INFO] [stderr]   thread 'main' panicked at 'called `Result::unwrap()` on an `Err` value: Error { description: "Couldn't resolve host name", code: 6, extra: None }
[INFO] [stderr] 
[INFO] [stderr]      0: failure::backtrace::internal::InternalBacktrace::new
[INFO] [stderr]                at /opt/rustwide/cargo-home/registry/src/github.com-1ecc6299db9ec823/failure-0.1.8/src/backtrace/internal.rs:46
[INFO] [stderr]      1: failure::backtrace::Backtrace::new
[INFO] [stderr]                at /opt/rustwide/cargo-home/registry/src/github.com-1ecc6299db9ec823/failure-0.1.8/src/backtrace/mod.rs:121
[INFO] [stderr]      2: <failure::error::error_impl::ErrorImpl as core::convert::From<F>>::from
[INFO] [stderr]                at /opt/rustwide/cargo-home/registry/src/github.com-1ecc6299db9ec823/failure-0.1.8/src/error/error_impl.rs:19
[INFO] [stderr]      3: <failure::error::Error as core::convert::From<F>>::from
[INFO] [stderr]                at /opt/rustwide/cargo-home/registry/src/github.com-1ecc6299db9ec823/failure-0.1.8/src/error/mod.rs:36
[INFO] [stderr]      4: build_script_build::download
[INFO] [stderr]                at build.rs:30
[INFO] [stderr]      5: build_script_build::prepare_libtorch_dir
[INFO] [stderr]                at build.rs:122
[INFO] [stderr]      6: build_script_build::main
[INFO] [stderr]                at build.rs:194
[INFO] [stderr]      7: core::ops::function::FnOnce::call_once
[INFO] [stderr]                at /rustc/881c1ac408d93bb7adaa3a51dabab9266e82eee8/library/core/src/ops/function.rs:227
[INFO] [stderr]      8: std::sys_common::backtrace::__rust_begin_short_backtrace
[INFO] [stderr]                at /rustc/881c1ac408d93bb7adaa3a51dabab9266e82eee8/library/std/src/sys_common/backtrace.rs:125
[INFO] [stderr]      9: std::rt::lang_start::{{closure}}
[INFO] [stderr]                at /rustc/881c1ac408d93bb7adaa3a51dabab9266e82eee8/library/std/src/rt.rs:49
[INFO] [stderr]     10: core::ops::function::impls::<impl core::ops::function::FnOnce<A> for &F>::call_once
[INFO] [stderr]                at /rustc/881c1ac408d93bb7adaa3a51dabab9266e82eee8/library/core/src/ops/function.rs:259
[INFO] [stderr]         std::panicking::try::do_call
[INFO] [stderr]                at /rustc/881c1ac408d93bb7adaa3a51dabab9266e82eee8/library/std/src/panicking.rs:379
[INFO] [stderr]         std::panicking::try
[INFO] [stderr]                at /rustc/881c1ac408d93bb7adaa3a51dabab9266e82eee8/library/std/src/panicking.rs:343
[INFO] [stderr]         std::panic::catch_unwind
[INFO] [stderr]                at /rustc/881c1ac408d93bb7adaa3a51dabab9266e82eee8/library/std/src/panic.rs:431
[INFO] [stderr]         std::rt::lang_start_internal
[INFO] [stderr]                at /rustc/881c1ac408d93bb7adaa3a51dabab9266e82eee8/library/std/src/rt.rs:34
[INFO] [stderr]     11: std::rt::lang_start
[INFO] [stderr]                at /rustc/881c1ac408d93bb7adaa3a51dabab9266e82eee8/library/std/src/rt.rs:48
[INFO] [stderr]     12: main
[INFO] [stderr]     13: __libc_start_main
[INFO] [stderr]     14: _start
[INFO] [stderr]   ', /opt/rustwide/cargo-home/git/checkouts/tch-rs-b9d1710db79374bb/be6f8a5/torch-sys/build.rs:122:48
[INFO] [stderr]   stack backtrace:
[INFO] [stderr]      0:     0x55586322c350 - std::backtrace_rs::backtrace::libunwind::trace::hdcf4f90f85129e83
[INFO] [stderr]                                  at /rustc/881c1ac408d93bb7adaa3a51dabab9266e82eee8/library/std/src/../../backtrace/src/backtrace/libunwind.rs:90:5
[INFO] [stderr]      1:     0x55586322c350 - std::backtrace_rs::backtrace::trace_unsynchronized::h2669e30cb82f6732
[INFO] [stderr]                                  at /rustc/881c1ac408d93bb7adaa3a51dabab9266e82eee8/library/std/src/../../backtrace/src/backtrace/mod.rs:66:5
[INFO] [stderr]      2:     0x55586322c350 - std::sys_common::backtrace::_print_fmt::hfbda19e17f6db318
[INFO] [stderr]                                  at /rustc/881c1ac408d93bb7adaa3a51dabab9266e82eee8/library/std/src/sys_common/backtrace.rs:67:5
[INFO] [stderr]      3:     0x55586322c350 - <std::sys_common::backtrace::_print::DisplayBacktrace as core::fmt::Display>::fmt::h1a8751bf59281272
[INFO] [stderr]                                  at /rustc/881c1ac408d93bb7adaa3a51dabab9266e82eee8/library/std/src/sys_common/backtrace.rs:46:22
[INFO] [stderr]      4:     0x55586324da8f - core::fmt::write::h7aa6cd0067dca82a
[INFO] [stderr]                                  at /rustc/881c1ac408d93bb7adaa3a51dabab9266e82eee8/library/core/src/fmt/mod.rs:1094:17
[INFO] [stderr]      5:     0x5558632289b5 - std::io::Write::write_fmt::hd7dd3a1df9b6befb
[INFO] [stderr]                                  at /rustc/881c1ac408d93bb7adaa3a51dabab9266e82eee8/library/std/src/io/mod.rs:1584:15
[INFO] [stderr]      6:     0x55586322e99b - std::sys_common::backtrace::_print::h551e9ec8a9fa8106
[INFO] [stderr]                                  at /rustc/881c1ac408d93bb7adaa3a51dabab9266e82eee8/library/std/src/sys_common/backtrace.rs:49:5
[INFO] [stderr]      7:     0x55586322e99b - std::sys_common::backtrace::print::ha4b1c5e95fa040b3
[INFO] [stderr]                                  at /rustc/881c1ac408d93bb7adaa3a51dabab9266e82eee8/library/std/src/sys_common/backtrace.rs:36:9
[INFO] [stderr]      8:     0x55586322e99b - std::panicking::default_hook::{{closure}}::h0b34c9ab7fb9f857
[INFO] [stderr]                                  at /rustc/881c1ac408d93bb7adaa3a51dabab9266e82eee8/library/std/src/panicking.rs:208:50
[INFO] [stderr]      9:     0x55586322e47d - std::panicking::default_hook::h3067e8318decd17a
[INFO] [stderr]                                  at /rustc/881c1ac408d93bb7adaa3a51dabab9266e82eee8/library/std/src/panicking.rs:225:9
[INFO] [stderr]     10:     0x55586322ef4d - std::panicking::rust_panic_with_hook::h81b8facc50f34daa
[INFO] [stderr]                                  at /rustc/881c1ac408d93bb7adaa3a51dabab9266e82eee8/library/std/src/panicking.rs:591:17
[INFO] [stderr]     11:     0x55586322eb47 - std::panicking::begin_panic_handler::{{closure}}::ha376ab85d95a000e
[INFO] [stderr]                                  at /rustc/881c1ac408d93bb7adaa3a51dabab9266e82eee8/library/std/src/panicking.rs:497:13
[INFO] [stderr]     12:     0x55586322c80c - std::sys_common::backtrace::__rust_end_short_backtrace::h6795c8afdd1a77e6
[INFO] [stderr]                                  at /rustc/881c1ac408d93bb7adaa3a51dabab9266e82eee8/library/std/src/sys_common/backtrace.rs:141:18
[INFO] [stderr]     13:     0x55586322eaa9 - rust_begin_unwind
[INFO] [stderr]                                  at /rustc/881c1ac408d93bb7adaa3a51dabab9266e82eee8/library/std/src/panicking.rs:493:5
[INFO] [stderr]     14:     0x55586303a801 - core::panicking::panic_fmt::hbe99dddd3092ba3c
[INFO] [stderr]                                  at /rustc/881c1ac408d93bb7adaa3a51dabab9266e82eee8/library/core/src/panicking.rs:92:14
[INFO] [stderr]     15:     0x55586303a893 - core::result::unwrap_failed::hf79563fef9d11ab8
[INFO] [stderr]                                  at /rustc/881c1ac408d93bb7adaa3a51dabab9266e82eee8/library/core/src/result.rs:1355:5
[INFO] [stderr]     16:     0x5558630509c0 - core::result::Result<T,E>::unwrap::h2fff0f4be0447190
[INFO] [stderr]                                  at /rustc/881c1ac408d93bb7adaa3a51dabab9266e82eee8/library/core/src/result.rs:1037:23
[INFO] [stderr]     17:     0x555863047096 - build_script_build::prepare_libtorch_dir::h4aaa05ea3dc0e7b4
[INFO] [stderr]                                  at /opt/rustwide/cargo-home/git/checkouts/tch-rs-b9d1710db79374bb/be6f8a5/torch-sys/build.rs:122:13
[INFO] [stderr]     18:     0x555863048424 - build_script_build::main::h8746e625195a27e5
[INFO] [stderr]                                  at /opt/rustwide/cargo-home/git/checkouts/tch-rs-b9d1710db79374bb/be6f8a5/torch-sys/build.rs:194:24
[INFO] [stderr]     19:     0x5558630434eb - core::ops::function::FnOnce::call_once::h3ae3701107559f28
[INFO] [stderr]                                  at /rustc/881c1ac408d93bb7adaa3a51dabab9266e82eee8/library/core/src/ops/function.rs:227:5
[INFO] [stderr]     20:     0x55586304339e - std::sys_common::backtrace::__rust_begin_short_backtrace::h02b47c3753e84b3b
[INFO] [stderr]                                  at /rustc/881c1ac408d93bb7adaa3a51dabab9266e82eee8/library/std/src/sys_common/backtrace.rs:125:18
[INFO] [stderr]     21:     0x5558630514e1 - std::rt::lang_start::{{closure}}::h10a3496377da7a5c
[INFO] [stderr]                                  at /rustc/881c1ac408d93bb7adaa3a51dabab9266e82eee8/library/std/src/rt.rs:49:18
[INFO] [stderr]     22:     0x55586322f44a - core::ops::function::impls::<impl core::ops::function::FnOnce<A> for &F>::call_once::h3b8c329143d7638a
[INFO] [stderr]                                  at /rustc/881c1ac408d93bb7adaa3a51dabab9266e82eee8/library/core/src/ops/function.rs:259:13
[INFO] [stderr]     23:     0x55586322f44a - std::panicking::try::do_call::h4b72c261b4eefc1b
[INFO] [stderr]                                  at /rustc/881c1ac408d93bb7adaa3a51dabab9266e82eee8/library/std/src/panicking.rs:379:40
[INFO] [stderr]     24:     0x55586322f44a - std::panicking::try::h703d31b7896cbd49
[INFO] [stderr]                                  at /rustc/881c1ac408d93bb7adaa3a51dabab9266e82eee8/library/std/src/panicking.rs:343:19
[INFO] [stderr]     25:     0x55586322f44a - std::panic::catch_unwind::h37cad9b35388a915
[INFO] [stderr]                                  at /rustc/881c1ac408d93bb7adaa3a51dabab9266e82eee8/library/std/src/panic.rs:431:14
[INFO] [stderr]     26:     0x55586322f44a - std::rt::lang_start_internal::hab5a8a909af4f90e
[INFO] [stderr]                                  at /rustc/881c1ac408d93bb7adaa3a51dabab9266e82eee8/library/std/src/rt.rs:34:21
[INFO] [stderr]     27:     0x5558630514c0 - std::rt::lang_start::h8e96381f08056341
[INFO] [stderr]                                  at /rustc/881c1ac408d93bb7adaa3a51dabab9266e82eee8/library/std/src/rt.rs:48:5
[INFO] [stderr]     28:     0x555863048c4c - main
[INFO] [stderr]     29:     0x7f090677d0b3 - __libc_start_main
[INFO] [stderr]     30:     0x55586303af2e - _start
[INFO] [stderr]     31:                0x0 - <unknown>
[INFO] [stderr] warning: build failed, waiting for other jobs to finish...
[INFO] [stderr] error: build failed
[INFO] running `Command { std: "docker" "inspect" "641fddc03b729588d5bb2794b6c81a5ca99214cbace13fa0239ae001e7df6585", kill_on_drop: false }`
[INFO] running `Command { std: "docker" "rm" "-f" "641fddc03b729588d5bb2794b6c81a5ca99214cbace13fa0239ae001e7df6585", kill_on_drop: false }`
[INFO] [stdout] 641fddc03b729588d5bb2794b6c81a5ca99214cbace13fa0239ae001e7df6585
